Last updated on 2025-07-12 22:49:02 CEST.
Flavor | Version | Tinstall | Tcheck | Ttotal | Status | Flags |
---|---|---|---|---|---|---|
r-devel-linux-x86_64-debian-clang | 1.0.8 | 14.02 | 242.24 | 256.26 | OK | |
r-devel-linux-x86_64-debian-gcc | 1.0.8 | 9.12 | 170.75 | 179.87 | OK | |
r-devel-linux-x86_64-fedora-clang | 1.0.8 | 381.87 | OK | |||
r-devel-linux-x86_64-fedora-gcc | 1.0.8 | 375.79 | OK | |||
r-devel-windows-x86_64 | 1.0.8 | 15.00 | 200.00 | 215.00 | OK | |
r-patched-linux-x86_64 | 1.0.8 | 13.81 | 226.80 | 240.61 | OK | |
r-release-linux-x86_64 | 1.0.8 | 11.35 | 226.73 | 238.08 | OK | |
r-release-macos-arm64 | 1.0.8 | 90.00 | OK | |||
r-release-macos-x86_64 | 1.0.8 | 246.00 | OK | |||
r-release-windows-x86_64 | 1.0.8 | 14.00 | 198.00 | 212.00 | OK | |
r-oldrel-macos-arm64 | 1.0.8 | 98.00 | NOTE | |||
r-oldrel-macos-x86_64 | 1.0.8 | 192.00 | NOTE | |||
r-oldrel-windows-x86_64 | 1.0.8 | 20.00 | 268.00 | 288.00 | NOTE |
Version: 1.0.8
Check: installed package size
Result: NOTE
installed size is 5.9Mb
sub-directories of 1Mb or more:
doc 5.3Mb
Flavors: r-oldrel-macos-arm64, r-oldrel-macos-x86_64, r-oldrel-windows-x86_64