CRAN Package Check Results for Package Allspice

Last updated on 2025-07-12 22:49:02 CEST.

Flavor Version Tinstall Tcheck Ttotal Status Flags
r-devel-linux-x86_64-debian-clang 1.0.7 5.15 56.46 61.61 NOTE
r-devel-linux-x86_64-debian-gcc 1.0.7 3.60 43.12 46.72 NOTE
r-devel-linux-x86_64-fedora-clang 1.0.7 97.93 OK
r-devel-linux-x86_64-fedora-gcc 1.0.7 108.38 OK
r-devel-windows-x86_64 1.0.7 7.00 81.00 88.00 OK
r-patched-linux-x86_64 1.0.7 5.39 54.31 59.70 OK
r-release-linux-x86_64 1.0.7 4.01 54.70 58.71 OK
r-release-macos-arm64 1.0.7 37.00 OK
r-release-macos-x86_64 1.0.7 95.00 OK
r-release-windows-x86_64 1.0.7 6.00 84.00 90.00 OK
r-oldrel-macos-arm64 1.0.7 41.00 OK
r-oldrel-macos-x86_64 1.0.7 57.00 OK
r-oldrel-windows-x86_64 1.0.7 9.00 94.00 103.00 OK

Check Details

Version: 1.0.7
Check: CRAN incoming feasibility
Result: NOTE Maintainer: ‘Ville-Petteri Makinen <vpmakine@gmail.com>’ No Authors@R field in DESCRIPTION. Please add one, modifying Authors@R: person(given = "Ville-Petteri", family = "Makinen", role = c("aut", "cre"), email = "vpmakine@gmail.com") as necessary. Flavors: r-devel-linux-x86_64-debian-clang, r-devel-linux-x86_64-debian-gcc