Last updated on 2025-07-13 04:48:41 CEST.
Flavor | Version | Tinstall | Tcheck | Ttotal | Status | Flags |
---|---|---|---|---|---|---|
r-devel-linux-x86_64-debian-clang | 2.1.5 | 100.20 | 396.91 | 497.11 | OK | |
r-devel-linux-x86_64-debian-gcc | 2.1.5 | 69.16 | 279.11 | 348.27 | OK | |
r-devel-linux-x86_64-fedora-clang | 2.1.5 | 841.65 | OK | |||
r-devel-linux-x86_64-fedora-gcc | 2.1.5 | 776.89 | OK | |||
r-devel-windows-x86_64 | 2.1.5 | 83.00 | 390.00 | 473.00 | OK | |
r-patched-linux-x86_64 | 2.1.5 | 97.26 | 382.28 | 479.54 | OK | |
r-release-linux-x86_64 | 2.1.5 | 94.56 | 382.12 | 476.68 | OK | |
r-release-macos-arm64 | 2.1.5 | 208.00 | OK | |||
r-release-macos-x86_64 | 2.1.5 | 389.00 | OK | |||
r-release-windows-x86_64 | 2.1.5 | 86.00 | 398.00 | 484.00 | OK | |
r-oldrel-macos-arm64 | 2.1.5 | 182.00 | NOTE | |||
r-oldrel-macos-x86_64 | 2.1.5 | 289.00 | NOTE | |||
r-oldrel-windows-x86_64 | 2.1.5 | 113.00 | 513.00 | 626.00 | NOTE |
Version: 2.1.5
Check: installed package size
Result: NOTE
installed size is 12.9Mb
sub-directories of 1Mb or more:
doc 3.3Mb
help 1.1Mb
libs 7.7Mb
Flavors: r-oldrel-macos-arm64, r-oldrel-macos-x86_64, r-oldrel-windows-x86_64