Last updated on 2024-06-13 00:55:07 CEST.
Flavor | Version | Tinstall | Tcheck | Ttotal | Status | Flags |
---|---|---|---|---|---|---|
r-devel-linux-x86_64-debian-clang | 0.2.0 | 856.06 | 285.78 | 1141.84 | NOTE | |
r-devel-linux-x86_64-debian-gcc | 0.2.0 | 0.44 | 1.70 | 2.14 | ERROR | |
r-devel-linux-x86_64-fedora-clang | 0.2.0 | 1447.45 | NOTE | |||
r-devel-linux-x86_64-fedora-gcc | 0.2.0 | 1755.90 | NOTE | |||
r-devel-windows-x86_64 | 0.2.0 | 679.00 | 330.00 | 1009.00 | NOTE | |
r-patched-linux-x86_64 | 0.2.0 | 617.98 | 438.50 | 1056.48 | NOTE | |
r-release-linux-x86_64 | 0.2.0 | 692.42 | 423.88 | 1116.30 | NOTE | |
r-release-macos-arm64 | 0.2.0 | 350.00 | NOTE | |||
r-release-macos-x86_64 | 0.2.0 | 356.00 | NOTE | |||
r-release-windows-x86_64 | 0.2.0 | 667.00 | 336.00 | 1003.00 | NOTE | |
r-oldrel-macos-arm64 | 0.2.0 | 401.00 | NOTE | |||
r-oldrel-macos-x86_64 | 0.2.0 | 625.00 | NOTE | |||
r-oldrel-windows-x86_64 | 0.2.0 | 834.00 | 430.00 | 1264.00 | NOTE |
Version: 0.2.0
Check: for GNU extensions in Makefiles
Result: NOTE
GNU make is a SystemRequirements.
Flavors: r-devel-linux-x86_64-debian-clang, r-devel-linux-x86_64-fedora-clang, r-devel-linux-x86_64-fedora-gcc, r-devel-windows-x86_64, r-patched-linux-x86_64, r-release-linux-x86_64, r-release-macos-arm64, r-release-macos-x86_64, r-release-windows-x86_64, r-oldrel-macos-arm64, r-oldrel-macos-x86_64, r-oldrel-windows-x86_64
Version: 0.2.0
Check: package dependencies
Result: ERROR
Packages required but not available: 'rstan', 'dplyr', 'tibble'
Package suggested but not available for checking: ‘testthat’
See section ‘The DESCRIPTION file’ in the ‘Writing R Extensions’
manual.
Flavor: r-devel-linux-x86_64-debian-gcc
Version: 0.2.0
Check: installed package size
Result: NOTE
installed size is 7.7Mb
sub-directories of 1Mb or more:
libs 7.2Mb
Flavors: r-devel-linux-x86_64-fedora-clang, r-devel-windows-x86_64, r-release-macos-arm64, r-release-macos-x86_64, r-release-windows-x86_64, r-oldrel-macos-arm64, r-oldrel-macos-x86_64, r-oldrel-windows-x86_64