Last updated on 2025-07-13 04:48:41 CEST.
Flavor | Version | Tinstall | Tcheck | Ttotal | Status | Flags |
---|---|---|---|---|---|---|
r-devel-linux-x86_64-debian-clang | 2024.11.1 | 11.55 | 90.91 | 102.46 | OK | |
r-devel-linux-x86_64-debian-gcc | 2024.11.1 | 7.74 | 62.69 | 70.43 | OK | |
r-devel-linux-x86_64-fedora-clang | 2024.11.1 | 168.44 | OK | |||
r-devel-linux-x86_64-fedora-gcc | 2024.11.1 | 169.64 | OK | |||
r-devel-windows-x86_64 | 2024.11.1 | 13.00 | 96.00 | 109.00 | OK | |
r-patched-linux-x86_64 | 2024.11.1 | 10.70 | 86.35 | 97.05 | OK | |
r-release-linux-x86_64 | 2024.11.1 | 9.68 | 84.26 | 93.94 | OK | |
r-release-macos-arm64 | 2024.11.1 | 76.00 | OK | |||
r-release-macos-x86_64 | 2024.11.1 | 109.00 | OK | |||
r-release-windows-x86_64 | 2024.11.1 | 14.00 | 100.00 | 114.00 | OK | |
r-oldrel-macos-arm64 | 2024.11.1 | 51.00 | NOTE | |||
r-oldrel-macos-x86_64 | 2024.11.1 | 85.00 | NOTE | |||
r-oldrel-windows-x86_64 | 2024.11.1 | 17.00 | 122.00 | 139.00 | NOTE |
Version: 2024.11.1
Check: installed package size
Result: NOTE
installed size is 5.3Mb
sub-directories of 1Mb or more:
doc 4.9Mb
Flavors: r-oldrel-macos-arm64, r-oldrel-macos-x86_64, r-oldrel-windows-x86_64