CRAN Package Check Results for Package BalanceCheck

Last updated on 2025-07-13 04:48:40 CEST.

Flavor Version Tinstall Tcheck Ttotal Status Flags
r-devel-linux-x86_64-debian-clang 0.2 2.99 26.01 29.00 NOTE
r-devel-linux-x86_64-debian-gcc 0.2 1.77 20.72 22.49 NOTE
r-devel-linux-x86_64-fedora-clang 0.2 44.81 OK
r-devel-linux-x86_64-fedora-gcc 0.2 45.19 OK
r-devel-windows-x86_64 0.2 4.00 46.00 50.00 OK
r-patched-linux-x86_64 0.2 3.08 24.87 27.95 OK
r-release-linux-x86_64 0.2 2.71 24.75 27.46 OK
r-release-macos-arm64 0.2 22.00 OK
r-release-macos-x86_64 0.2 40.00 OK
r-release-windows-x86_64 0.2 4.00 53.00 57.00 OK
r-oldrel-macos-arm64 0.2 19.00 OK
r-oldrel-macos-x86_64 0.2 30.00 OK
r-oldrel-windows-x86_64 0.2 5.00 50.00 55.00 OK

Check Details

Version: 0.2
Check: CRAN incoming feasibility
Result: NOTE Maintainer: ‘Hao Chen <hxchen@ucdavis.edu>’ No Authors@R field in DESCRIPTION. Please add one, modifying Authors@R: c(person(given = "Hao", family = "Chen", role = c("aut", "cre"), email = "hxchen@ucdavis.edu"), person(given = "Dylan", family = "Small", role = "aut")) as necessary. Flavors: r-devel-linux-x86_64-debian-clang, r-devel-linux-x86_64-debian-gcc