Last updated on 2025-07-12 22:49:03 CEST.
Flavor | Version | Tinstall | Tcheck | Ttotal | Status | Flags |
---|---|---|---|---|---|---|
r-devel-linux-x86_64-debian-clang | 0.7.3 | 13.42 | 139.66 | 153.08 | OK | |
r-devel-linux-x86_64-debian-gcc | 0.7.3 | 10.04 | 94.37 | 104.41 | OK | |
r-devel-linux-x86_64-fedora-clang | 0.7.3 | 250.13 | OK | |||
r-devel-linux-x86_64-fedora-gcc | 0.7.3 | 227.13 | OK | |||
r-devel-windows-x86_64 | 0.7.3 | 16.00 | 128.00 | 144.00 | OK | |
r-patched-linux-x86_64 | 0.7.3 | 13.06 | 127.75 | 140.81 | OK | |
r-release-linux-x86_64 | 0.7.3 | 10.75 | 124.25 | 135.00 | OK | |
r-release-macos-arm64 | 0.7.3 | 55.00 | OK | |||
r-release-macos-x86_64 | 0.7.3 | 120.00 | OK | |||
r-release-windows-x86_64 | 0.7.3 | 16.00 | 126.00 | 142.00 | OK | |
r-oldrel-macos-arm64 | 0.7.3 | 46.00 | NOTE | |||
r-oldrel-macos-x86_64 | 0.7.3 | 85.00 | NOTE | |||
r-oldrel-windows-x86_64 | 0.7.3 | 20.00 | 168.00 | 188.00 | NOTE |
Version: 0.7.3
Check: installed package size
Result: NOTE
installed size is 6.2Mb
sub-directories of 1Mb or more:
help 6.0Mb
Flavors: r-oldrel-macos-arm64, r-oldrel-macos-x86_64, r-oldrel-windows-x86_64