Last updated on 2025-07-12 22:49:03 CEST.
Flavor | Version | Tinstall | Tcheck | Ttotal | Status | Flags |
---|---|---|---|---|---|---|
r-devel-linux-x86_64-debian-clang | 1.1.3 | 89.86 | 197.12 | 286.98 | OK | |
r-devel-linux-x86_64-debian-gcc | 1.1.3 | 69.54 | 139.01 | 208.55 | OK | |
r-devel-linux-x86_64-fedora-clang | 1.1.3 | 542.07 | OK | |||
r-devel-linux-x86_64-fedora-gcc | 1.1.3 | 584.84 | OK | |||
r-devel-windows-x86_64 | 1.1.3 | 93.00 | 516.00 | 609.00 | OK | |
r-patched-linux-x86_64 | 1.1.3 | 102.64 | 196.22 | 298.86 | OK | |
r-release-linux-x86_64 | 1.1.3 | 95.79 | 196.98 | 292.77 | OK | |
r-release-macos-arm64 | 1.1.3 | 165.00 | OK | |||
r-release-macos-x86_64 | 1.1.3 | 267.00 | OK | |||
r-release-windows-x86_64 | 1.1.3 | 94.00 | 516.00 | 610.00 | OK | |
r-oldrel-macos-arm64 | 1.1.3 | 136.00 | NOTE | |||
r-oldrel-macos-x86_64 | 1.1.3 | 287.00 | NOTE | |||
r-oldrel-windows-x86_64 | 1.1.3 | 112.00 | 550.00 | 662.00 | OK |
Version: 1.1.3
Check: installed package size
Result: NOTE
installed size is 13.3Mb
sub-directories of 1Mb or more:
libs 12.9Mb
Flavors: r-oldrel-macos-arm64, r-oldrel-macos-x86_64