Last updated on 2025-07-13 04:48:40 CEST.
Flavor | Version | Tinstall | Tcheck | Ttotal | Status | Flags |
---|---|---|---|---|---|---|
r-devel-linux-x86_64-debian-clang | 1.3.0 | 353.30 | 369.36 | 722.66 | OK | |
r-devel-linux-x86_64-debian-gcc | 1.3.0 | 320.96 | 331.58 | 652.54 | OK | |
r-devel-linux-x86_64-fedora-clang | 1.3.0 | 1110.52 | OK | |||
r-devel-linux-x86_64-fedora-gcc | 1.3.0 | 1448.23 | OK | |||
r-devel-windows-x86_64 | 1.3.0 | 359.00 | 568.00 | 927.00 | OK | |
r-patched-linux-x86_64 | 1.3.0 | 402.46 | 428.50 | 830.96 | OK | |
r-release-linux-x86_64 | 1.3.0 | 398.06 | 392.66 | 790.72 | OK | |
r-release-macos-arm64 | 1.3.0 | 329.00 | OK | |||
r-release-macos-x86_64 | 1.3.0 | 583.00 | OK | |||
r-release-windows-x86_64 | 1.3.0 | 374.00 | 555.00 | 929.00 | OK | |
r-oldrel-macos-arm64 | 1.3.0 | 172.00 | NOTE | |||
r-oldrel-macos-x86_64 | 1.3.0 | 316.00 | NOTE | |||
r-oldrel-windows-x86_64 | 1.3.0 | 450.00 | 759.00 | 1209.00 | NOTE |
Version: 1.3.0
Check: installed package size
Result: NOTE
installed size is 65.0Mb
sub-directories of 1Mb or more:
data 2.7Mb
libs 61.6Mb
Flavors: r-oldrel-macos-arm64, r-oldrel-macos-x86_64, r-oldrel-windows-x86_64
Version: 1.3.0
Check: for GNU extensions in Makefiles
Result: NOTE
GNU make is a SystemRequirements.
Flavors: r-oldrel-macos-arm64, r-oldrel-macos-x86_64