Last updated on 2025-07-13 04:48:41 CEST.
Flavor | Version | Tinstall | Tcheck | Ttotal | Status | Flags |
---|---|---|---|---|---|---|
r-devel-linux-x86_64-debian-clang | 0.2 | 4.73 | 45.14 | 49.87 | NOTE | |
r-devel-linux-x86_64-debian-gcc | 0.2 | 3.88 | 31.92 | 35.80 | NOTE | |
r-devel-linux-x86_64-fedora-clang | 0.2 | 79.10 | OK | |||
r-devel-linux-x86_64-fedora-gcc | 0.2 | 73.07 | OK | |||
r-devel-windows-x86_64 | 0.2 | 7.00 | 58.00 | 65.00 | OK | |
r-patched-linux-x86_64 | 0.2 | 4.13 | 41.35 | 45.48 | OK | |
r-release-linux-x86_64 | 0.2 | 4.79 | 40.89 | 45.68 | OK | |
r-release-macos-arm64 | 0.2 | 30.00 | OK | |||
r-release-macos-x86_64 | 0.2 | 41.00 | OK | |||
r-release-windows-x86_64 | 0.2 | 6.00 | 60.00 | 66.00 | OK | |
r-oldrel-macos-arm64 | 0.2 | 24.00 | OK | |||
r-oldrel-macos-x86_64 | 0.2 | 34.00 | OK | |||
r-oldrel-windows-x86_64 | 0.2 | 8.00 | 68.00 | 76.00 | OK |
Version: 0.2
Check: CRAN incoming feasibility
Result: NOTE
Maintainer: ‘Navinkumar Nedunchezhian <navinkumar.nedunchezhian@gmail.com>’
No Authors@R field in DESCRIPTION.
Please add one, modifying
Authors@R: person(given = "Navinkumar",
family = "Nedunchezhian",
role = c("aut", "cre"),
email = "navinkumar.nedunchezhian@gmail.com")
as necessary.
Flavors: r-devel-linux-x86_64-debian-clang, r-devel-linux-x86_64-debian-gcc