CRAN Package Check Results for Package Census2016

Last updated on 2025-07-12 22:49:05 CEST.

Flavor Version Tinstall Tcheck Ttotal Status Flags
r-devel-linux-x86_64-debian-clang 0.2.0 6.78 41.95 48.73 OK
r-devel-linux-x86_64-debian-gcc 0.2.0 6.55 33.32 39.87 OK
r-devel-linux-x86_64-fedora-clang 0.2.0 75.69 NOTE
r-devel-linux-x86_64-fedora-gcc 0.2.0 86.99 NOTE
r-devel-windows-x86_64 0.2.0 8.00 80.00 88.00 OK
r-patched-linux-x86_64 0.2.0 7.32 38.59 45.91 OK
r-release-linux-x86_64 0.2.0 6.73 38.81 45.54 OK
r-release-macos-arm64 0.2.0 37.00 OK
r-release-macos-x86_64 0.2.0 75.00 OK
r-release-windows-x86_64 0.2.0 8.00 79.00 87.00 OK
r-oldrel-macos-arm64 0.2.0 40.00 OK
r-oldrel-macos-x86_64 0.2.0 62.00 OK
r-oldrel-windows-x86_64 0.2.0 10.00 85.00 95.00 OK

Check Details

Version: 0.2.0
Check: dependencies in R code
Result: NOTE Namespace in Imports field not imported from: ‘data.table’ All declared Imports should be used. Flavors: r-devel-linux-x86_64-fedora-clang, r-devel-linux-x86_64-fedora-gcc