Last updated on 2025-04-29 07:50:11 CEST.
Flavor | Version | Tinstall | Tcheck | Ttotal | Status | Flags |
---|---|---|---|---|---|---|
r-devel-linux-x86_64-debian-clang | 2.3 | 4.33 | 41.23 | 45.56 | OK | |
r-devel-linux-x86_64-debian-gcc | 2.3 | 2.68 | 30.58 | 33.26 | NOTE | |
r-devel-linux-x86_64-fedora-clang | 2.3 | 73.26 | OK | |||
r-devel-linux-x86_64-fedora-gcc | 2.3 | 73.71 | OK | |||
r-devel-windows-x86_64 | 2.3 | 6.00 | 70.00 | 76.00 | OK | |
r-patched-linux-x86_64 | 2.3 | 5.38 | 39.72 | 45.10 | OK | |
r-release-linux-x86_64 | 2.3 | 4.30 | 40.60 | 44.90 | OK | |
r-release-macos-arm64 | 2.3 | 24.00 | OK | |||
r-release-macos-x86_64 | 2.3 | 42.00 | OK | |||
r-release-windows-x86_64 | 2.3 | 6.00 | 70.00 | 76.00 | OK | |
r-oldrel-macos-arm64 | 2.3 | 28.00 | OK | |||
r-oldrel-macos-x86_64 | 2.3 | 36.00 | OK | |||
r-oldrel-windows-x86_64 | 2.3 | 5.00 | 68.00 | 73.00 | OK |
Version: 2.3
Check: CRAN incoming feasibility
Result: NOTE
Maintainer: ‘Maria Mercedes Gregorio-Dominguez <mercedes@itam.mx>’
No Authors@R field in DESCRIPTION.
Please add one, modifying
Authors@R: c(person(given = c("Juan", "Jose"),
family = "Fernandez-Duran",
role = "aut"),
person(given = c("Maria", "Mercedes"),
family = "Gregorio-Dominguez",
role = c("aut", "cre"),
email = "mercedes@itam.mx"))
as necessary.
Flavor: r-devel-linux-x86_64-debian-gcc