CRAN Package Check Results for Package CircNNTSRSymmetric

Last updated on 2025-04-29 13:51:19 CEST.

Flavor Version Tinstall Tcheck Ttotal Status Flags
r-devel-linux-x86_64-debian-clang 0.1.0 1.67 24.85 26.52 NOTE
r-devel-linux-x86_64-debian-gcc 0.1.0 1.64 18.89 20.53 OK
r-devel-linux-x86_64-fedora-clang 0.1.0 43.11 OK
r-devel-linux-x86_64-fedora-gcc 0.1.0 42.38 OK
r-devel-windows-x86_64 0.1.0 3.00 47.00 50.00 OK
r-patched-linux-x86_64 0.1.0 2.24 23.97 26.21 OK
r-release-linux-x86_64 0.1.0 1.82 23.85 25.67 OK
r-release-macos-arm64 0.1.0 19.00 OK
r-release-macos-x86_64 0.1.0 29.00 OK
r-release-windows-x86_64 0.1.0 4.00 49.00 53.00 OK
r-oldrel-macos-arm64 0.1.0 19.00 OK
r-oldrel-macos-x86_64 0.1.0 53.00 OK
r-oldrel-windows-x86_64 0.1.0 6.00 65.00 71.00 OK

Check Details

Version: 0.1.0
Check: examples
Result: NOTE Examples with CPU (user + system) or elapsed time > 5s user system elapsed nntsmanifoldnewtonestimationsymmetry 4.644 0.022 5.95 Flavor: r-devel-linux-x86_64-debian-clang