Last updated on 2025-07-12 22:49:05 CEST.
Flavor | Version | Tinstall | Tcheck | Ttotal | Status | Flags |
---|---|---|---|---|---|---|
r-devel-linux-x86_64-debian-clang | 0.5.0 | 33.85 | 179.35 | 213.20 | OK | |
r-devel-linux-x86_64-debian-gcc | 0.5.0 | 20.93 | 128.17 | 149.10 | OK | |
r-devel-linux-x86_64-fedora-clang | 0.5.0 | 342.68 | OK | |||
r-devel-linux-x86_64-fedora-gcc | 0.5.0 | 325.18 | OK | |||
r-devel-windows-x86_64 | 0.5.0 | 33.00 | 149.00 | 182.00 | OK | |
r-patched-linux-x86_64 | 0.5.0 | 33.49 | 168.80 | 202.29 | OK | |
r-release-linux-x86_64 | 0.5.0 | 26.87 | 169.96 | 196.83 | OK | |
r-release-macos-arm64 | 0.5.0 | 91.00 | OK | |||
r-release-macos-x86_64 | 0.5.0 | 189.00 | OK | |||
r-release-windows-x86_64 | 0.5.0 | 33.00 | 162.00 | 195.00 | OK | |
r-oldrel-macos-arm64 | 0.5.0 | 95.00 | NOTE | |||
r-oldrel-macos-x86_64 | 0.5.0 | 189.00 | NOTE | |||
r-oldrel-windows-x86_64 | 0.5.0 | 44.00 | 200.00 | 244.00 | NOTE |
Version: 0.5.0
Check: package dependencies
Result: NOTE
Depends: includes the non-default packages:
'C50', 'car', 'caret', 'corrplot', 'doParallel', 'dplyr', 'e1071',
'ggplot2', 'gt', 'ipred', 'MachineShop', 'magrittr', 'parallel',
'pls', 'purrr', 'randomForest', 'ranger', 'reactable',
'reactablefmtr', 'scales', 'tidyr', 'tree'
Adding so many packages to the search path is excessive and importing
selectively is preferable.
Flavors: r-oldrel-macos-arm64, r-oldrel-macos-x86_64, r-oldrel-windows-x86_64