Last updated on 2024-06-13 00:55:09 CEST.
Flavor | Version | Tinstall | Tcheck | Ttotal | Status | Flags |
---|---|---|---|---|---|---|
r-devel-linux-x86_64-debian-clang | 0.1.9 | 3.21 | 36.61 | 39.82 | NOTE | |
r-devel-linux-x86_64-debian-gcc | 0.1.9 | 0.25 | 1.70 | 1.95 | ERROR | |
r-devel-linux-x86_64-fedora-clang | 0.1.9 | 50.27 | NOTE | |||
r-devel-linux-x86_64-fedora-gcc | 0.1.9 | 47.46 | NOTE | |||
r-devel-windows-x86_64 | 0.1.9 | 4.00 | 45.00 | 49.00 | NOTE | |
r-patched-linux-x86_64 | 0.1.9 | 4.29 | 35.75 | 40.04 | NOTE | |
r-release-linux-x86_64 | 0.1.9 | 2.95 | 35.72 | 38.67 | NOTE | |
r-release-macos-arm64 | 0.1.9 | 17.00 | NOTE | |||
r-release-macos-x86_64 | 0.1.9 | 27.00 | NOTE | |||
r-release-windows-x86_64 | 0.1.9 | 5.00 | 77.00 | 82.00 | NOTE | |
r-oldrel-macos-arm64 | 0.1.9 | 19.00 | NOTE | |||
r-oldrel-macos-x86_64 | 0.1.9 | 26.00 | NOTE | |||
r-oldrel-windows-x86_64 | 0.1.9 | 6.00 | 51.00 | 57.00 | NOTE |
Version: 0.1.9
Check: LazyData
Result: NOTE
'LazyData' is specified without a 'data' directory
Flavors: r-devel-linux-x86_64-debian-clang, r-devel-linux-x86_64-fedora-clang, r-devel-linux-x86_64-fedora-gcc, r-devel-windows-x86_64, r-patched-linux-x86_64, r-release-linux-x86_64, r-release-macos-arm64, r-release-macos-x86_64, r-release-windows-x86_64, r-oldrel-macos-arm64, r-oldrel-macos-x86_64, r-oldrel-windows-x86_64
Version: 0.1.9
Check: package dependencies
Result: ERROR
Package required but not available: ‘ggplot2’
See section ‘The DESCRIPTION file’ in the ‘Writing R Extensions’
manual.
Flavor: r-devel-linux-x86_64-debian-gcc
Version: 0.1.9
Check: dependencies in R code
Result: NOTE
Namespaces in Imports field not imported from:
‘Rdpack’ ‘coin’ ‘ggplot2’ ‘plyr’
All declared Imports should be used.
Flavors: r-devel-linux-x86_64-fedora-clang, r-devel-linux-x86_64-fedora-gcc