CRAN Package Check Results for Package CondMVT

Last updated on 2025-07-13 04:48:43 CEST.

Flavor Version Tinstall Tcheck Ttotal Status Flags
r-devel-linux-x86_64-debian-clang 0.1.0 2.60 34.51 37.11 NOTE
r-devel-linux-x86_64-debian-gcc 0.1.0 1.87 23.45 25.32 NOTE
r-devel-linux-x86_64-fedora-clang 0.1.0 57.60 OK
r-devel-linux-x86_64-fedora-gcc 0.1.0 51.23 OK
r-devel-windows-x86_64 0.1.0 3.00 52.00 55.00 NOTE
r-patched-linux-x86_64 0.1.0 2.66 31.71 34.37 NOTE
r-release-linux-x86_64 0.1.0 2.48 30.58 33.06 NOTE
r-release-macos-arm64 0.1.0 17.00 OK
r-release-macos-x86_64 0.1.0 35.00 OK
r-release-windows-x86_64 0.1.0 4.00 56.00 60.00 NOTE
r-oldrel-macos-arm64 0.1.0 20.00 OK
r-oldrel-macos-x86_64 0.1.0 27.00 OK
r-oldrel-windows-x86_64 0.1.0 4.00 58.00 62.00 OK

Check Details

Version: 0.1.0
Check: Rd cross-references
Result: NOTE Found the following Rd file(s) with Rd \link{} targets missing package anchors: pcmvt.Rd: pmvt, GenzBretz Please provide package anchors for all Rd \link{} targets not in the package itself and the base packages. Flavors: r-devel-linux-x86_64-debian-clang, r-devel-linux-x86_64-debian-gcc, r-devel-windows-x86_64, r-patched-linux-x86_64, r-release-linux-x86_64, r-release-windows-x86_64