Last updated on 2025-07-13 04:48:43 CEST.
Flavor | Version | Tinstall | Tcheck | Ttotal | Status | Flags |
---|---|---|---|---|---|---|
r-devel-linux-x86_64-debian-clang | 3.1 | 9.26 | 72.66 | 81.92 | NOTE | |
r-devel-linux-x86_64-debian-gcc | 3.1 | 6.52 | 54.46 | 60.98 | NOTE | |
r-devel-linux-x86_64-fedora-clang | 3.1 | 127.66 | OK | |||
r-devel-linux-x86_64-fedora-gcc | 3.1 | 134.41 | OK | |||
r-devel-windows-x86_64 | 3.1 | 10.00 | 91.00 | 101.00 | OK | |
r-patched-linux-x86_64 | 3.1 | 10.34 | 69.23 | 79.57 | OK | |
r-release-linux-x86_64 | 3.1 | 8.14 | 68.23 | 76.37 | OK | |
r-release-macos-arm64 | 3.1 | 52.00 | OK | |||
r-release-macos-x86_64 | 3.1 | 84.00 | OK | |||
r-release-windows-x86_64 | 3.1 | 10.00 | 95.00 | 105.00 | OK | |
r-oldrel-macos-arm64 | 3.1 | 41.00 | OK | |||
r-oldrel-macos-x86_64 | 3.1 | 64.00 | OK | |||
r-oldrel-windows-x86_64 | 3.1 | 13.00 | 114.00 | 127.00 | OK |
Version: 3.1
Check: CRAN incoming feasibility
Result: NOTE
Maintainer: ‘David M. Smith <dmccsmith@verizon.net>’
No Authors@R field in DESCRIPTION.
Please add one, modifying
Authors@R: c(person(given = c("David", "M"),
family = "Smith",
role = "aut"),
person(given = c("Malcolm", "J"),
family = "Faddy",
role = "aut"),
person(given = c("David", "M."),
family = "Smith",
role = "cre",
email = "dmccsmith@verizon.net"))
as necessary.
Flavors: r-devel-linux-x86_64-debian-clang, r-devel-linux-x86_64-debian-gcc