Last updated on 2024-06-19 20:58:26 CEST.
Flavor | Version | Tinstall | Tcheck | Ttotal | Status | Flags |
---|---|---|---|---|---|---|
r-devel-linux-x86_64-debian-clang | 2.0.5 | 7.18 | 59.82 | 67.00 | NOTE | |
r-devel-linux-x86_64-debian-gcc | 2.0.5 | 5.02 | 44.50 | 49.52 | NOTE | |
r-devel-linux-x86_64-fedora-clang | 2.0.5 | 82.69 | NOTE | |||
r-devel-linux-x86_64-fedora-gcc | 2.0.5 | 130.14 | NOTE | |||
r-devel-windows-x86_64 | 2.0.5 | 7.00 | 67.00 | 74.00 | NOTE | |
r-patched-linux-x86_64 | 2.0.5 | 12.71 | 56.28 | 68.99 | NOTE | |
r-release-linux-x86_64 | 2.0.5 | 4.17 | 58.02 | 62.19 | NOTE | |
r-release-macos-arm64 | 2.0.5 | 63.00 | NOTE | |||
r-release-macos-x86_64 | 2.0.5 | 89.00 | NOTE | |||
r-release-windows-x86_64 | 2.0.5 | 7.00 | 73.00 | 80.00 | NOTE | |
r-oldrel-macos-arm64 | 2.0.5 | 68.00 | NOTE | |||
r-oldrel-macos-x86_64 | 2.0.5 | 108.00 | NOTE | |||
r-oldrel-windows-x86_64 | 2.0.5 | 8.00 | 76.00 | 84.00 | NOTE |
Version: 2.0.5
Check: package dependencies
Result: NOTE
Package suggested but not available for checking: ‘dsBaseClient’
Flavors: r-devel-linux-x86_64-debian-clang, r-devel-linux-x86_64-debian-gcc, r-devel-linux-x86_64-fedora-clang, r-devel-linux-x86_64-fedora-gcc, r-devel-windows-x86_64, r-patched-linux-x86_64, r-release-linux-x86_64, r-release-macos-arm64, r-release-macos-x86_64, r-release-windows-x86_64, r-oldrel-macos-arm64, r-oldrel-macos-x86_64, r-oldrel-windows-x86_64