Last updated on 2024-06-20 02:57:16 CEST.
Flavor | Version | Tinstall | Tcheck | Ttotal | Status | Flags |
---|---|---|---|---|---|---|
r-devel-linux-x86_64-debian-clang | 0.0.3 | 11.55 | 121.59 | 133.14 | OK | |
r-devel-linux-x86_64-debian-gcc | 0.0.3 | 9.94 | 92.56 | 102.50 | OK | |
r-devel-linux-x86_64-fedora-clang | 0.0.3 | 168.81 | OK | |||
r-devel-linux-x86_64-fedora-gcc | 0.0.3 | 171.78 | OK | |||
r-devel-windows-x86_64 | 0.0.3 | 12.00 | 107.00 | 119.00 | OK | |
r-patched-linux-x86_64 | 0.0.3 | 10.73 | 116.86 | 127.59 | OK | |
r-release-linux-x86_64 | 0.0.3 | 9.88 | 115.96 | 125.84 | OK | |
r-release-macos-arm64 | 0.0.3 | 56.00 | OK | |||
r-release-macos-x86_64 | 0.0.3 | 83.00 | OK | |||
r-release-windows-x86_64 | 0.0.3 | 13.00 | 84.00 | 97.00 | FAIL | |
r-oldrel-macos-arm64 | 0.0.3 | 58.00 | OK | |||
r-oldrel-macos-x86_64 | 0.0.3 | 91.00 | OK | |||
r-oldrel-windows-x86_64 | 0.0.3 | 15.00 | 133.00 | 148.00 | OK |
Version: 0.0.3
Check: re-building of vignette outputs
Result: ERROR
Error(s) in re-building vignettes:
--- re-building 'DTSEA.Rmd' using rmarkdown
pandoc.exe: osCommitMemory: VirtualAlloc MEM_COMMIT failed to commit 1048576 bytes of memory (error code: 1455): Die Auslagerungsdatei ist zu klein, um diesen Vorgang durchzuf<fc>hren.
Warning in system(paste(shQuote(path), "--version"), intern = TRUE) :
running command '"C:/PROGRA~1/Pandoc/pandoc.exe" --version' had status 251
Error: processing vignette 'DTSEA.Rmd' failed with diagnostics:
subscript out of bounds
--- failed re-building 'DTSEA.Rmd'
SUMMARY: processing the following file failed:
'DTSEA.Rmd'
Error: Vignette re-building failed.
Execution halted
Flavor: r-release-windows-x86_64
Version: 0.0.3
Check: HTML version of manual
Result: FAIL
Flavor: r-release-windows-x86_64