Last updated on 2024-06-20 02:57:16 CEST.
Flavor | Version | Tinstall | Tcheck | Ttotal | Status | Flags |
---|---|---|---|---|---|---|
r-devel-linux-x86_64-debian-clang | 0.0.5 | 63.65 | 39.65 | 103.30 | NOTE | |
r-devel-linux-x86_64-debian-gcc | 0.0.5 | 49.10 | 33.82 | 82.92 | NOTE | |
r-devel-linux-x86_64-fedora-clang | 0.0.5 | 130.03 | NOTE | |||
r-devel-linux-x86_64-fedora-gcc | 0.0.5 | 145.00 | NOTE | |||
r-devel-windows-x86_64 | 0.0.5 | 45.00 | 59.00 | 104.00 | NOTE | |
r-patched-linux-x86_64 | 0.0.5 | 63.03 | 43.61 | 106.64 | NOTE | |
r-release-linux-x86_64 | 0.0.5 | 54.83 | 42.04 | 96.87 | NOTE | |
r-release-macos-arm64 | 0.0.5 | 38.00 | NOTE | |||
r-release-macos-x86_64 | 0.0.5 | 57.00 | NOTE | |||
r-release-windows-x86_64 | 0.0.5 | 44.00 | 59.00 | 103.00 | NOTE | |
r-oldrel-macos-arm64 | 0.0.5 | 42.00 | NOTE | |||
r-oldrel-macos-x86_64 | 0.0.5 | 66.00 | NOTE | |||
r-oldrel-windows-x86_64 | 0.0.5 | 57.00 | 81.00 | 138.00 | NOTE |
Version: 0.0.5
Check: C++ specification
Result: NOTE
Specified C++11: please drop specification unless essential
Flavors: r-devel-linux-x86_64-debian-clang, r-devel-linux-x86_64-debian-gcc, r-devel-linux-x86_64-fedora-clang, r-devel-linux-x86_64-fedora-gcc, r-devel-windows-x86_64, r-patched-linux-x86_64, r-release-linux-x86_64, r-release-macos-arm64, r-release-macos-x86_64, r-release-windows-x86_64, r-oldrel-macos-arm64, r-oldrel-macos-x86_64, r-oldrel-windows-x86_64
Version: 0.0.5
Check: installed package size
Result: NOTE
installed size is 19.5Mb
sub-directories of 1Mb or more:
libs 18.7Mb
Flavors: r-release-macos-arm64, r-release-macos-x86_64, r-oldrel-macos-arm64, r-oldrel-macos-x86_64