Last updated on 2025-07-12 22:49:07 CEST.
Flavor | Version | Tinstall | Tcheck | Ttotal | Status | Flags |
---|---|---|---|---|---|---|
r-devel-linux-x86_64-debian-clang | 0.0.2 | 7.12 | 54.40 | 61.52 | NOTE | |
r-devel-linux-x86_64-debian-gcc | 0.0.2 | 3.69 | 39.61 | 43.30 | NOTE | |
r-devel-linux-x86_64-fedora-clang | 0.0.2 | 95.39 | OK | |||
r-devel-linux-x86_64-fedora-gcc | 0.0.2 | 87.10 | OK | |||
r-devel-windows-x86_64 | 0.0.2 | 9.00 | 66.00 | 75.00 | OK | |
r-patched-linux-x86_64 | 0.0.2 | 6.71 | 49.28 | 55.99 | OK | |
r-release-linux-x86_64 | 0.0.2 | 6.46 | 49.43 | 55.89 | OK | |
r-release-macos-arm64 | 0.0.2 | 34.00 | OK | |||
r-release-macos-x86_64 | 0.0.2 | 50.00 | OK | |||
r-release-windows-x86_64 | 0.0.2 | 9.00 | 69.00 | 78.00 | OK | |
r-oldrel-macos-arm64 | 0.0.2 | 28.00 | OK | |||
r-oldrel-macos-x86_64 | 0.0.2 | 41.00 | OK | |||
r-oldrel-windows-x86_64 | 0.0.2 | 11.00 | 82.00 | 93.00 | OK |
Version: 0.0.2
Check: CRAN incoming feasibility
Result: NOTE
Maintainer: ‘Christopher Casement <casementc@gmail.com>’
Package CITATION file contains call(s) to old-style personList() or
as.personList(). Please use c() on person objects instead.
Package CITATION file contains call(s) to old-style citEntry(). Please
use bibentry() instead.
Flavors: r-devel-linux-x86_64-debian-clang, r-devel-linux-x86_64-debian-gcc