Last updated on 2024-06-20 02:57:16 CEST.
Flavor | Version | Tinstall | Tcheck | Ttotal | Status | Flags |
---|---|---|---|---|---|---|
r-devel-linux-x86_64-debian-clang | 0.2.3 | 37.03 | 243.67 | 280.70 | NOTE | |
r-devel-linux-x86_64-debian-gcc | 0.2.3 | 30.37 | 178.93 | 209.30 | NOTE | |
r-devel-linux-x86_64-fedora-clang | 0.2.3 | 358.24 | NOTE | |||
r-devel-linux-x86_64-fedora-gcc | 0.2.3 | 359.98 | NOTE | |||
r-devel-windows-x86_64 | 0.2.3 | 34.00 | 194.00 | 228.00 | NOTE | |
r-patched-linux-x86_64 | 0.2.3 | 34.99 | 237.23 | 272.22 | NOTE | |
r-release-linux-x86_64 | 0.2.3 | 34.98 | 232.97 | 267.95 | NOTE | |
r-release-macos-arm64 | 0.2.3 | 85.00 | NOTE | |||
r-release-macos-x86_64 | 0.2.3 | 158.00 | NOTE | |||
r-release-windows-x86_64 | 0.2.3 | 34.00 | 188.00 | 222.00 | ERROR | |
r-oldrel-macos-arm64 | 0.2.3 | 96.00 | NOTE | |||
r-oldrel-macos-x86_64 | 0.2.3 | 165.00 | NOTE | |||
r-oldrel-windows-x86_64 | 0.2.3 | 44.00 | 243.00 | 287.00 | NOTE |
Version: 0.2.3
Check: Rd files
Result: NOTE
checkRd: (-1) MHLS.Rd:48-51: Lost braces in \itemize; meant \describe ?
checkRd: (-1) MHLS.Rd:52: Lost braces in \itemize; meant \describe ?
checkRd: (-1) MHLS.Rd:53-54: Lost braces in \itemize; meant \describe ?
checkRd: (-1) MHLS.Rd:55-56: Lost braces in \itemize; meant \describe ?
checkRd: (-1) MHLS.Rd:75: Lost braces; missing escapes or markup?
75 | From the initial values, \code{B0} and {S0}, \code{\link{MHLS}} draws \code{beta} and \code{subgrad} samples.
| ^
Flavors: r-devel-linux-x86_64-debian-clang, r-devel-linux-x86_64-debian-gcc, r-devel-linux-x86_64-fedora-clang, r-devel-linux-x86_64-fedora-gcc, r-devel-windows-x86_64, r-patched-linux-x86_64, r-release-linux-x86_64, r-release-macos-arm64, r-release-macos-x86_64, r-release-windows-x86_64
Version: 0.2.3
Check: LazyData
Result: NOTE
'LazyData' is specified without a 'data' directory
Flavors: r-devel-linux-x86_64-debian-clang, r-devel-linux-x86_64-debian-gcc, r-devel-linux-x86_64-fedora-clang, r-devel-linux-x86_64-fedora-gcc, r-devel-windows-x86_64, r-patched-linux-x86_64, r-release-linux-x86_64, r-release-macos-arm64, r-release-macos-x86_64, r-release-windows-x86_64, r-oldrel-macos-arm64, r-oldrel-macos-x86_64, r-oldrel-windows-x86_64
Version: 0.2.3
Check: re-building of vignette outputs
Result: ERROR
Error(s) in re-building vignettes:
--- re-building 'EAlasso.Rmd' using rmarkdown
Warning in system(command) :
'CreateProcess' failed to run 'C:\PROGRA~1\Pandoc\pandoc.exe +RTS -K512m -RTS EAlasso.knit.md --to html4 --from markdown+autolink_bare_uris+tex_math_single_backslash --output pandoc261783e9e494e.html --lua-filter "D:\RCompile\CRANpkg\lib\4.4\rmarkdown\rmarkdown\lua\pagebreak.lua" --lua-filter "D:\RCompile\CRANpkg\lib\4.4\rmarkdown\rmarkdown\lua\latex-div.lua" --embed-resources --standalone --section-divs --template "D:\RCompile\CRANpkg\lib\4.4\rmarkdown\rmd\h\default.html" --highlight-style pyg
Error: processing vignette 'EAlasso.Rmd' failed with diagnostics:
pandoc document conversion failed with error 127
--- failed re-building 'EAlasso.Rmd'
SUMMARY: processing the following file failed:
'EAlasso.Rmd'
Error: Vignette re-building failed.
Execution halted
Flavor: r-release-windows-x86_64
Version: 0.2.3
Check: PDF version of manual
Result: WARN
LaTeX errors when creating PDF version.
This typically indicates Rd problems.
Flavor: r-release-windows-x86_64
Version: 0.2.3
Check: PDF version of manual without index
Result: ERROR
Re-running with no redirection of stdout/stderr.
Flavor: r-release-windows-x86_64