Last updated on 2025-04-29 07:50:14 CEST.
Flavor | Version | Tinstall | Tcheck | Ttotal | Status | Flags |
---|---|---|---|---|---|---|
r-devel-linux-x86_64-debian-clang | 1.1 | 4.96 | 31.08 | 36.04 | OK | |
r-devel-linux-x86_64-debian-gcc | 1.1 | 3.63 | 24.30 | 27.93 | NOTE | |
r-devel-linux-x86_64-fedora-clang | 1.1 | 56.25 | OK | |||
r-devel-linux-x86_64-fedora-gcc | 1.1 | 56.63 | OK | |||
r-devel-windows-x86_64 | 1.1 | 5.00 | 48.00 | 53.00 | OK | |
r-patched-linux-x86_64 | 1.1 | 5.52 | 30.24 | 35.76 | OK | |
r-release-linux-x86_64 | 1.1 | 4.82 | 30.03 | 34.85 | OK | |
r-release-macos-arm64 | 1.1 | 33.00 | OK | |||
r-release-macos-x86_64 | 1.1 | 39.00 | OK | |||
r-release-windows-x86_64 | 1.1 | 4.00 | 49.00 | 53.00 | OK | |
r-oldrel-macos-arm64 | 1.1 | 26.00 | OK | |||
r-oldrel-macos-x86_64 | 1.1 | 32.00 | OK | |||
r-oldrel-windows-x86_64 | 1.1 | 6.00 | 46.00 | 52.00 | OK |
Version: 1.1
Check: CRAN incoming feasibility
Result: NOTE
Maintainer: ‘Alexandre Adalardo de Oliveira <ecovirtualpackage@gmail.com>’
No Authors@R field in DESCRIPTION.
Please add one, modifying
Authors@R: c(person(given = c("Alexandre", "Adalardo"),
family = "de Oliveira",
role = c("aut", "cre"),
email = "ecovirtualpackage@gmail.com"),
person(given = c("Paulo", "Inacio"),
family = "Prado",
role = "aut",
email = "ecovirtualpackage@gmail.com"))
as necessary.
The URL field contains the following bad parts:
http//ecovirtual.ib.usp.br
The URL field should be a list of URLs separated by commas or
whitespace.
Flavor: r-devel-linux-x86_64-debian-gcc