Last updated on 2025-07-12 22:49:09 CEST.
Flavor | Version | Tinstall | Tcheck | Ttotal | Status | Flags |
---|---|---|---|---|---|---|
r-devel-linux-x86_64-debian-clang | 2.5.0 | 29.30 | 558.25 | 587.55 | OK | |
r-devel-linux-x86_64-debian-gcc | 2.5.0 | 19.24 | 356.46 | 375.70 | OK | |
r-devel-linux-x86_64-fedora-clang | 2.5.0 | 924.80 | OK | |||
r-devel-linux-x86_64-fedora-gcc | 2.5.0 | 875.23 | OK | |||
r-devel-windows-x86_64 | 2.5.0 | 33.00 | 525.00 | 558.00 | OK | |
r-patched-linux-x86_64 | 2.5.0 | 30.59 | 526.92 | 557.51 | OK | |
r-release-linux-x86_64 | 2.5.0 | 26.88 | 517.39 | 544.27 | OK | |
r-release-macos-arm64 | 2.5.0 | 219.00 | OK | |||
r-release-macos-x86_64 | 2.5.0 | 501.00 | OK | |||
r-release-windows-x86_64 | 2.5.0 | 35.00 | 529.00 | 564.00 | OK | |
r-oldrel-macos-arm64 | 2.5.0 | 160.00 | OK | |||
r-oldrel-macos-x86_64 | 2.5.0 | 276.00 | OK | |||
r-oldrel-windows-x86_64 | 2.5.0 | 47.00 | 729.00 | 776.00 | NOTE |
Version: 2.5.0
Check: installed package size
Result: NOTE
installed size is 5.1Mb
sub-directories of 1Mb or more:
doc 2.8Mb
Flavor: r-oldrel-windows-x86_64