Last updated on 2025-07-13 10:48:20 CEST.
Flavor | Version | Tinstall | Tcheck | Ttotal | Status | Flags |
---|---|---|---|---|---|---|
r-devel-linux-x86_64-debian-clang | 1.16 | 11.92 | 64.74 | 76.66 | NOTE | |
r-devel-linux-x86_64-debian-gcc | 1.16 | 7.83 | 43.70 | 51.53 | NOTE | |
r-devel-linux-x86_64-fedora-clang | 1.16 | 128.76 | OK | |||
r-devel-linux-x86_64-fedora-gcc | 1.16 | 114.34 | OK | |||
r-devel-windows-x86_64 | 1.16 | 12.00 | 82.00 | 94.00 | OK | |
r-patched-linux-x86_64 | 1.16 | 13.56 | 59.57 | 73.13 | OK | |
r-release-linux-x86_64 | 1.16 | 11.97 | 60.33 | 72.30 | OK | |
r-release-macos-arm64 | 1.16 | 32.00 | OK | |||
r-release-macos-x86_64 | 1.16 | 62.00 | OK | |||
r-release-windows-x86_64 | 1.16 | 13.00 | 82.00 | 95.00 | OK | |
r-oldrel-macos-arm64 | 1.16 | 30.00 | OK | |||
r-oldrel-macos-x86_64 | 1.16 | 49.00 | OK | |||
r-oldrel-windows-x86_64 | 1.16 | 18.00 | 101.00 | 119.00 | OK |
Version: 1.16
Check: CRAN incoming feasibility
Result: NOTE
Maintainer: ‘Danlu Guo <danlu.guo@unimelb.edu.au>’
No Authors@R field in DESCRIPTION.
Please add one, modifying
Authors@R: c(person(given = "Danlu",
family = "Guo",
role = c("aut", "cre"),
email = "danlu.guo@adelaide.edu.au"),
person(given = "Seth",
family = "Westra",
role = "aut",
email = "swestra@civeng.adelaide.edu.au"),
person(given = "Tim",
family = "Peterson",
role = "ctb",
email = "tim.peterson@monash.edu"))
as necessary.
Flavors: r-devel-linux-x86_64-debian-clang, r-devel-linux-x86_64-debian-gcc