Last updated on 2025-07-13 04:48:46 CEST.
Flavor | Version | Tinstall | Tcheck | Ttotal | Status | Flags |
---|---|---|---|---|---|---|
r-devel-linux-x86_64-debian-clang | 1.0.0 | 8.26 | 51.95 | 60.21 | NOTE | |
r-devel-linux-x86_64-debian-gcc | 1.0.0 | 7.14 | 39.35 | 46.49 | NOTE | |
r-devel-linux-x86_64-fedora-clang | 1.0.0 | 91.92 | OK | |||
r-devel-linux-x86_64-fedora-gcc | 1.0.0 | 87.30 | OK | |||
r-devel-windows-x86_64 | 1.0.0 | 12.00 | 73.00 | 85.00 | OK | |
r-patched-linux-x86_64 | 1.0.0 | 7.75 | 48.54 | 56.29 | OK | |
r-release-linux-x86_64 | 1.0.0 | 8.13 | 50.43 | 58.56 | OK | |
r-release-macos-arm64 | 1.0.0 | 35.00 | OK | |||
r-release-macos-x86_64 | 1.0.0 | 58.00 | OK | |||
r-release-windows-x86_64 | 1.0.0 | 12.00 | 76.00 | 88.00 | OK | |
r-oldrel-macos-arm64 | 1.0.0 | 31.00 | OK | |||
r-oldrel-macos-x86_64 | 1.0.0 | 47.00 | OK | |||
r-oldrel-windows-x86_64 | 1.0.0 | 15.00 | 83.00 | 98.00 | OK |
Version: 1.0.0
Check: CRAN incoming feasibility
Result: NOTE
Maintainer: ‘Jonas Striaukas <jonas.striaukas@gmail.com>’
The Description field contains
Striaukas (2023) <arXiv:2307.13364>.
Please refer to arXiv e-prints via their arXiv DOI <doi:10.48550/arXiv.YYMM.NNNNN>.
Flavors: r-devel-linux-x86_64-debian-clang, r-devel-linux-x86_64-debian-gcc