Last updated on 2024-05-23 14:48:12 CEST.
Flavor | Version | Tinstall | Tcheck | Ttotal | Status | Flags |
---|---|---|---|---|---|---|
r-devel-linux-x86_64-debian-clang | 0.4-1 | 15.28 | 94.71 | 109.99 | NOTE | |
r-devel-linux-x86_64-debian-gcc | 0.4-1 | 10.06 | 66.80 | 76.86 | NOTE | |
r-devel-linux-x86_64-fedora-clang | 0.4-1 | 130.43 | NOTE | |||
r-devel-linux-x86_64-fedora-gcc | 0.4-1 | 121.38 | NOTE | |||
r-devel-windows-x86_64 | 0.4-1 | 13.00 | 85.00 | 98.00 | NOTE | |
r-patched-linux-x86_64 | 0.4-1 | 18.30 | 89.66 | 107.96 | NOTE | |
r-release-linux-x86_64 | 0.4-1 | 16.14 | 86.14 | 102.28 | NOTE | |
r-release-macos-arm64 | 0.4-1 | 37.00 | NOTE | |||
r-release-windows-x86_64 | 0.4-1 | 13.00 | 87.00 | 100.00 | NOTE | |
r-oldrel-macos-arm64 | 0.4-1 | 38.00 | NOTE | |||
r-oldrel-macos-x86_64 | 0.4-1 | 66.00 | NOTE | |||
r-oldrel-windows-x86_64 | 0.4-1 | 18.00 | 99.00 | 117.00 | NOTE |
Version: 0.4-1
Check: Rd files
Result: NOTE
checkRd: (-1) MultiAsset.Rd:26: Escaped LaTeX specials: \&
Flavors: r-devel-linux-x86_64-debian-clang, r-devel-linux-x86_64-debian-gcc, r-devel-linux-x86_64-fedora-clang, r-devel-linux-x86_64-fedora-gcc, r-devel-windows-x86_64, r-patched-linux-x86_64, r-release-linux-x86_64, r-release-macos-arm64, r-release-windows-x86_64, r-oldrel-macos-arm64, r-oldrel-macos-x86_64, r-oldrel-windows-x86_64