Last updated on 2024-06-20 02:57:18 CEST.
Flavor | Version | Tinstall | Tcheck | Ttotal | Status | Flags |
---|---|---|---|---|---|---|
r-devel-linux-x86_64-debian-clang | 0.1.2 | 26.54 | 66.21 | 92.75 | NOTE | |
r-devel-linux-x86_64-debian-gcc | 0.1.2 | 20.84 | 49.74 | 70.58 | NOTE | |
r-devel-linux-x86_64-fedora-clang | 0.1.2 | 121.97 | NOTE | |||
r-devel-linux-x86_64-fedora-gcc | 0.1.2 | 120.80 | NOTE | |||
r-devel-windows-x86_64 | 0.1.2 | 24.00 | 84.00 | 108.00 | NOTE | |
r-patched-linux-x86_64 | 0.1.2 | 26.13 | 62.03 | 88.16 | NOTE | |
r-release-linux-x86_64 | 0.1.2 | 24.17 | 60.26 | 84.43 | NOTE | |
r-release-macos-arm64 | 0.1.2 | 35.00 | NOTE | |||
r-release-macos-x86_64 | 0.1.2 | 51.00 | NOTE | |||
r-release-windows-x86_64 | 0.1.2 | 24.00 | 87.00 | 111.00 | NOTE | |
r-oldrel-macos-arm64 | 0.1.2 | 38.00 | NOTE | |||
r-oldrel-macos-x86_64 | 0.1.2 | 63.00 | NOTE | |||
r-oldrel-windows-x86_64 | 0.1.2 | 22.00 | 100.00 | 122.00 | NOTE |
Version: 0.1.2
Check: C++ specification
Result: NOTE
Specified C++11: please drop specification unless essential
Flavors: r-devel-linux-x86_64-debian-clang, r-devel-linux-x86_64-debian-gcc, r-devel-linux-x86_64-fedora-clang, r-devel-linux-x86_64-fedora-gcc, r-devel-windows-x86_64, r-patched-linux-x86_64, r-release-linux-x86_64, r-release-macos-arm64, r-release-macos-x86_64, r-release-windows-x86_64, r-oldrel-macos-arm64, r-oldrel-macos-x86_64, r-oldrel-windows-x86_64