Last updated on 2025-07-13 10:48:21 CEST.
Flavor | Version | Tinstall | Tcheck | Ttotal | Status | Flags |
---|---|---|---|---|---|---|
r-devel-linux-x86_64-debian-clang | 0.1.1 | 7.99 | 42.06 | 50.05 | OK | |
r-devel-linux-x86_64-debian-gcc | 0.1.1 | 4.58 | 29.68 | 34.26 | OK | |
r-devel-linux-x86_64-fedora-clang | 0.1.1 | 80.78 | OK | |||
r-devel-linux-x86_64-fedora-gcc | 0.1.1 | 74.05 | OK | |||
r-devel-windows-x86_64 | 0.1.1 | 9.00 | 58.00 | 67.00 | OK | |
r-patched-linux-x86_64 | 0.1.1 | 8.35 | 39.61 | 47.96 | OK | |
r-release-linux-x86_64 | 0.1.1 | 7.49 | 38.99 | 46.48 | OK | |
r-release-macos-arm64 | 0.1.1 | 21.00 | OK | |||
r-release-macos-x86_64 | 0.1.1 | 39.00 | OK | |||
r-release-windows-x86_64 | 0.1.1 | 8.00 | 59.00 | 67.00 | OK | |
r-oldrel-macos-arm64 | 0.1.1 | 22.00 | NOTE | |||
r-oldrel-macos-x86_64 | 0.1.1 | 35.00 | NOTE | |||
r-oldrel-windows-x86_64 | 0.1.1 | 8.00 | 57.00 | 65.00 | NOTE |
Version: 0.1.1
Check: LazyData
Result: NOTE
'LazyData' is specified without a 'data' directory
Flavors: r-oldrel-macos-arm64, r-oldrel-macos-x86_64, r-oldrel-windows-x86_64