CRAN Package Check Results for Package FormShare

Last updated on 2025-07-12 22:49:10 CEST.

Flavor Version Tinstall Tcheck Ttotal Status Flags
r-devel-linux-x86_64-debian-clang 1.0.1 2.17 19.62 21.79 OK
r-devel-linux-x86_64-debian-gcc 1.0.1 1.87 15.83 17.70 OK
r-devel-linux-x86_64-fedora-clang 1.0.1 34.31 NOTE
r-devel-linux-x86_64-fedora-gcc 1.0.1 31.12 NOTE
r-devel-windows-x86_64 1.0.1 3.00 39.00 42.00 OK
r-patched-linux-x86_64 1.0.1 2.70 17.58 20.28 OK
r-release-linux-x86_64 1.0.1 2.31 17.75 20.06 OK
r-release-macos-arm64 1.0.1 22.00 OK
r-release-macos-x86_64 1.0.1 28.00 OK
r-release-windows-x86_64 1.0.1 3.00 39.00 42.00 OK
r-oldrel-macos-arm64 1.0.1 21.00 OK
r-oldrel-macos-x86_64 1.0.1 24.00 OK
r-oldrel-windows-x86_64 1.0.1 5.00 42.00 47.00 OK

Check Details

Version: 1.0.1
Check: dependencies in R code
Result: NOTE Namespaces in Imports field not imported from: ‘R6’ ‘httr’ ‘jsonlite’ All declared Imports should be used. Flavors: r-devel-linux-x86_64-fedora-clang, r-devel-linux-x86_64-fedora-gcc