Last updated on 2025-07-13 04:48:47 CEST.
Flavor | Version | Tinstall | Tcheck | Ttotal | Status | Flags |
---|---|---|---|---|---|---|
r-devel-linux-x86_64-debian-clang | 0.6.2 | 134.40 | 35.11 | 169.51 | NOTE | |
r-devel-linux-x86_64-debian-gcc | 0.6.2 | 114.19 | 40.29 | 154.48 | NOTE | |
r-devel-linux-x86_64-fedora-clang | 0.6.2 | 276.40 | OK | |||
r-devel-linux-x86_64-fedora-gcc | 0.6.2 | 338.64 | OK | |||
r-devel-windows-x86_64 | 0.6.2 | 136.00 | 95.00 | 231.00 | OK | |
r-patched-linux-x86_64 | 0.6.2 | 160.98 | 51.27 | 212.25 | OK | |
r-release-linux-x86_64 | 0.6.2 | 153.67 | 51.97 | 205.64 | OK | |
r-release-macos-arm64 | 0.6.2 | 80.00 | OK | |||
r-release-macos-x86_64 | 0.6.2 | 89.00 | OK | |||
r-release-windows-x86_64 | 0.6.2 | 137.00 | 93.00 | 230.00 | OK | |
r-oldrel-macos-arm64 | 0.6.2 | 84.00 | NOTE | |||
r-oldrel-macos-x86_64 | 0.6.2 | 76.00 | NOTE | |||
r-oldrel-windows-x86_64 | 0.6.2 | 161.00 | 104.00 | 265.00 | OK |
Version: 0.6.2
Check: CRAN incoming feasibility
Result: NOTE
Maintainer: ‘Bin Wang <eatingbeen@hotmail.com>’
The Description field contains
and Jianhua Guo (2022) <arXiv:1911.00658>. This paper provides the
Please refer to arXiv e-prints via their arXiv DOI <doi:10.48550/arXiv.YYMM.NNNNN>.
Flavors: r-devel-linux-x86_64-debian-clang, r-devel-linux-x86_64-debian-gcc
Version: 0.6.2
Check: installed package size
Result: NOTE
installed size is 55.0Mb
sub-directories of 1Mb or more:
libs 54.8Mb
Flavors: r-oldrel-macos-arm64, r-oldrel-macos-x86_64