Last updated on 2024-06-19 20:58:29 CEST.
Flavor | Version | Tinstall | Tcheck | Ttotal | Status | Flags |
---|---|---|---|---|---|---|
r-devel-linux-x86_64-debian-clang | 0.3.3 | 9.26 | 83.47 | 92.73 | NOTE | |
r-devel-linux-x86_64-debian-gcc | 0.3.3 | 6.17 | 59.34 | 65.51 | NOTE | |
r-devel-linux-x86_64-fedora-clang | 0.3.3 | 111.22 | NOTE | |||
r-devel-linux-x86_64-fedora-gcc | 0.3.3 | 118.88 | NOTE | |||
r-devel-windows-x86_64 | 0.3.3 | 9.00 | 72.00 | 81.00 | NOTE | |
r-patched-linux-x86_64 | 0.3.3 | 7.02 | 79.12 | 86.14 | NOTE | |
r-release-linux-x86_64 | 0.3.3 | 5.76 | 79.39 | 85.15 | NOTE | |
r-release-macos-arm64 | 0.3.3 | 36.00 | NOTE | |||
r-release-macos-x86_64 | 0.3.3 | 55.00 | NOTE | |||
r-release-windows-x86_64 | 0.3.3 | 7.00 | 13.00 | 20.00 | FAIL | |
r-oldrel-macos-arm64 | 0.3.3 | 45.00 | NOTE | |||
r-oldrel-macos-x86_64 | 0.3.3 | 53.00 | NOTE | |||
r-oldrel-windows-x86_64 | 0.3.3 | 10.00 | 87.00 | 97.00 | NOTE |
Version: 0.3.3
Check: package dependencies
Result: NOTE
Package suggested but not available for checking: ‘RGtk2’
Flavors: r-devel-linux-x86_64-debian-clang, r-devel-linux-x86_64-debian-gcc, r-devel-linux-x86_64-fedora-clang, r-devel-linux-x86_64-fedora-gcc, r-devel-windows-x86_64, r-patched-linux-x86_64, r-release-linux-x86_64, r-release-macos-arm64, r-release-macos-x86_64, r-release-windows-x86_64, r-oldrel-macos-arm64, r-oldrel-macos-x86_64, r-oldrel-windows-x86_64
Version: 0.3.3
Check: Rd files
Result: NOTE
checkRd: (-1) QANOVA.Rd:62: Lost braces in \itemize; meant \describe ?
checkRd: (-1) QANOVA.Rd:63: Lost braces in \itemize; meant \describe ?
checkRd: (-1) QANOVA.Rd:64-66: Lost braces in \itemize; meant \describe ?
checkRd: (-1) QANOVA.Rd:67: Lost braces in \itemize; meant \describe ?
Flavors: r-devel-linux-x86_64-debian-clang, r-devel-linux-x86_64-debian-gcc, r-devel-linux-x86_64-fedora-clang, r-devel-linux-x86_64-fedora-gcc, r-devel-windows-x86_64, r-patched-linux-x86_64, r-release-linux-x86_64, r-release-macos-arm64, r-release-macos-x86_64
Version: 0.3.3
Check: whether the package can be unloaded cleanly
Result: WARN
Flavor: r-release-windows-x86_64
Version: 0.3.3
Check: whether the namespace can be loaded with stated dependencies
Result: FAIL
Flavor: r-release-windows-x86_64