Last updated on 2025-07-13 16:49:17 CEST.
Flavor | Version | Tinstall | Tcheck | Ttotal | Status | Flags |
---|---|---|---|---|---|---|
r-devel-linux-x86_64-debian-clang | 0.8 | 2.11 | 19.45 | 21.56 | NOTE | |
r-devel-linux-x86_64-debian-gcc | 0.8 | 1.82 | 16.80 | 18.62 | NOTE | |
r-devel-linux-x86_64-fedora-clang | 0.8 | 32.79 | OK | |||
r-devel-linux-x86_64-fedora-gcc | 0.8 | 31.54 | OK | |||
r-devel-windows-x86_64 | 0.8 | 6.00 | 44.00 | 50.00 | OK | |
r-patched-linux-x86_64 | 0.8 | 2.30 | 18.36 | 20.66 | OK | |
r-release-linux-x86_64 | 0.8 | 2.05 | 18.64 | 20.69 | OK | |
r-release-macos-arm64 | 0.8 | 19.00 | OK | |||
r-release-macos-x86_64 | 0.8 | 44.00 | OK | |||
r-release-windows-x86_64 | 0.8 | 6.00 | 45.00 | 51.00 | OK | |
r-oldrel-macos-arm64 | 0.8 | 20.00 | OK | |||
r-oldrel-macos-x86_64 | 0.8 | 27.00 | OK | |||
r-oldrel-windows-x86_64 | 0.8 | 5.00 | 45.00 | 50.00 | OK |
Version: 0.8
Check: CRAN incoming feasibility
Result: NOTE
Maintainer: ‘Josef Leydold <josef.leydold@wu.ac.at>’
No Authors@R field in DESCRIPTION.
Please add one, modifying
Authors@R: c(person(given = "Josef",
family = "Leydold",
role = c("aut", "cre"),
email = "josef.leydold@wu.ac.at"),
person(given = "Wolfgang",
family = "Hormann",
role = "aut"))
as necessary.
Flavors: r-devel-linux-x86_64-debian-clang, r-devel-linux-x86_64-debian-gcc