CRAN Package Check Results for Package GLMpack

Last updated on 2025-07-12 22:49:11 CEST.

Flavor Version Tinstall Tcheck Ttotal Status Flags
r-devel-linux-x86_64-debian-clang 0.1.0 2.21 32.33 34.54 OK
r-devel-linux-x86_64-debian-gcc 0.1.0 1.51 24.00 25.51 OK
r-devel-linux-x86_64-fedora-clang 0.1.0 53.06 NOTE
r-devel-linux-x86_64-fedora-gcc 0.1.0 48.79 NOTE
r-devel-windows-x86_64 0.1.0 5.00 55.00 60.00 OK
r-patched-linux-x86_64 0.1.0 2.48 30.94 33.42 OK
r-release-linux-x86_64 0.1.0 2.04 30.12 32.16 OK
r-release-macos-arm64 0.1.0 22.00 OK
r-release-macos-x86_64 0.1.0 33.00 OK
r-release-windows-x86_64 0.1.0 4.00 54.00 58.00 OK
r-oldrel-macos-arm64 0.1.0 20.00 OK
r-oldrel-macos-x86_64 0.1.0 28.00 OK
r-oldrel-windows-x86_64 0.1.0 5.00 67.00 72.00 OK

Check Details

Version: 0.1.0
Check: dependencies in R code
Result: NOTE Namespaces in Imports field not imported from: ‘AER’ ‘MASS’ ‘Matrix’ ‘censReg’ ‘effects’ ‘foreign’ ‘lme4’ ‘lmtest’ ‘nnet’ ‘pBrackets’ ‘plm’ ‘pscl’ ‘sandwich’ All declared Imports should be used. Flavors: r-devel-linux-x86_64-fedora-clang, r-devel-linux-x86_64-fedora-gcc