Last updated on 2024-06-19 20:58:29 CEST.
Flavor | Version | Tinstall | Tcheck | Ttotal | Status | Flags |
---|---|---|---|---|---|---|
r-devel-linux-x86_64-debian-clang | 1.1.5 | 172.11 | 66.16 | 238.27 | NOTE | |
r-devel-linux-x86_64-debian-gcc | 1.1.5 | 132.73 | 50.41 | 183.14 | NOTE | |
r-devel-linux-x86_64-fedora-clang | 1.1.5 | 346.07 | NOTE | |||
r-devel-linux-x86_64-fedora-gcc | 1.1.5 | 398.49 | NOTE | |||
r-devel-windows-x86_64 | 1.1.5 | 148.00 | 96.00 | 244.00 | NOTE | |
r-patched-linux-x86_64 | 1.1.5 | 153.78 | 66.60 | 220.38 | NOTE | |
r-release-linux-x86_64 | 1.1.5 | 156.39 | 67.33 | 223.72 | NOTE | |
r-release-macos-arm64 | 1.1.5 | 80.00 | NOTE | |||
r-release-macos-x86_64 | 1.1.5 | 81.00 | NOTE | |||
r-release-windows-x86_64 | 1.1.5 | 148.00 | 102.00 | 250.00 | NOTE | |
r-oldrel-macos-arm64 | 1.1.5 | 91.00 | NOTE | |||
r-oldrel-macos-x86_64 | 1.1.5 | 171.00 | NOTE | |||
r-oldrel-windows-x86_64 | 1.1.5 | 180.00 | 109.00 | 289.00 | NOTE |
Version: 1.1.5
Check: C++ specification
Result: NOTE
Specified C++11: please drop specification unless essential
Flavors: r-devel-linux-x86_64-debian-clang, r-devel-linux-x86_64-debian-gcc, r-devel-linux-x86_64-fedora-clang, r-devel-linux-x86_64-fedora-gcc, r-devel-windows-x86_64, r-patched-linux-x86_64, r-release-linux-x86_64, r-release-macos-arm64, r-release-macos-x86_64, r-release-windows-x86_64, r-oldrel-macos-arm64, r-oldrel-macos-x86_64, r-oldrel-windows-x86_64
Version: 1.1.5
Check: for GNU extensions in Makefiles
Result: NOTE
GNU make is a SystemRequirements.
Flavors: r-devel-linux-x86_64-debian-clang, r-devel-linux-x86_64-debian-gcc, r-devel-linux-x86_64-fedora-clang, r-devel-linux-x86_64-fedora-gcc, r-devel-windows-x86_64, r-patched-linux-x86_64, r-release-linux-x86_64, r-release-macos-arm64, r-release-macos-x86_64, r-release-windows-x86_64, r-oldrel-macos-arm64, r-oldrel-macos-x86_64, r-oldrel-windows-x86_64
Version: 1.1.5
Check: installed package size
Result: NOTE
installed size is 9.6Mb
sub-directories of 1Mb or more:
libs 9.5Mb
Flavors: r-release-macos-arm64, r-release-macos-x86_64, r-oldrel-macos-arm64, r-oldrel-macos-x86_64