Last updated on 2024-06-20 02:57:19 CEST.
Flavor | Version | Tinstall | Tcheck | Ttotal | Status | Flags |
---|---|---|---|---|---|---|
r-devel-linux-x86_64-debian-clang | 2.0.1 | 12.75 | 119.76 | 132.51 | OK | |
r-devel-linux-x86_64-debian-gcc | 2.0.1 | 10.24 | 88.40 | 98.64 | OK | |
r-devel-linux-x86_64-fedora-clang | 2.0.1 | 164.42 | NOTE | |||
r-devel-linux-x86_64-fedora-gcc | 2.0.1 | 167.17 | OK | |||
r-devel-windows-x86_64 | 2.0.1 | 12.00 | 119.00 | 131.00 | OK | |
r-patched-linux-x86_64 | 2.0.1 | 13.49 | 111.06 | 124.55 | OK | |
r-release-linux-x86_64 | 2.0.1 | 10.49 | 110.95 | 121.44 | OK | |
r-release-macos-arm64 | 2.0.1 | 51.00 | OK | |||
r-release-macos-x86_64 | 2.0.1 | 80.00 | OK | |||
r-release-windows-x86_64 | 2.0.1 | 14.00 | 121.00 | 135.00 | OK | |
r-oldrel-macos-arm64 | 2.0.1 | 64.00 | OK | |||
r-oldrel-macos-x86_64 | 2.0.1 | 91.00 | OK | |||
r-oldrel-windows-x86_64 | 2.0.1 | 16.00 | 142.00 | 158.00 | OK |
Version: 2.0.1
Check: Rd cross-references
Result: NOTE
Undeclared package ‘genalg’ in Rd xrefs
Flavor: r-devel-linux-x86_64-fedora-clang