Last updated on 2024-06-19 20:58:30 CEST.
Flavor | Version | Tinstall | Tcheck | Ttotal | Status | Flags |
---|---|---|---|---|---|---|
r-devel-linux-x86_64-debian-clang | 1.1.2 | 7.47 | 82.01 | 89.48 | OK | |
r-devel-linux-x86_64-debian-gcc | 1.1.2 | 5.29 | 59.38 | 64.67 | OK | |
r-devel-linux-x86_64-fedora-clang | 1.1.2 | 106.93 | NOTE | |||
r-devel-linux-x86_64-fedora-gcc | 1.1.2 | 114.56 | OK | |||
r-devel-windows-x86_64 | 1.1.2 | 8.00 | 88.00 | 96.00 | NOTE | |
r-patched-linux-x86_64 | 1.1.2 | 7.51 | 75.63 | 83.14 | OK | |
r-release-linux-x86_64 | 1.1.2 | 7.35 | 77.18 | 84.53 | OK | |
r-release-macos-arm64 | 1.1.2 | 41.00 | NOTE | |||
r-release-macos-x86_64 | 1.1.2 | 63.00 | NOTE | |||
r-release-windows-x86_64 | 1.1.2 | 7.00 | 89.00 | 96.00 | NOTE | |
r-oldrel-macos-arm64 | 1.1.2 | 43.00 | NOTE | |||
r-oldrel-macos-x86_64 | 1.1.2 | 144.00 | NOTE | |||
r-oldrel-windows-x86_64 | 1.1.2 | 9.00 | 101.00 | 110.00 | NOTE |
Version: 1.1.2
Check: installed package size
Result: NOTE
installed size is 7.4Mb
sub-directories of 1Mb or more:
extdata 5.8Mb
Flavors: r-devel-linux-x86_64-fedora-clang, r-devel-windows-x86_64, r-release-macos-arm64, r-release-macos-x86_64, r-release-windows-x86_64, r-oldrel-macos-arm64, r-oldrel-macos-x86_64, r-oldrel-windows-x86_64