Last updated on 2024-06-16 13:53:32 CEST.
Flavor | Version | Tinstall | Tcheck | Ttotal | Status | Flags |
---|---|---|---|---|---|---|
r-devel-linux-x86_64-debian-clang | 1.2.5 | 42.16 | 209.76 | 251.92 | OK | |
r-devel-linux-x86_64-debian-gcc | 1.2.5 | 38.68 | 151.67 | 190.35 | OK | |
r-devel-linux-x86_64-fedora-clang | 1.2.5 | 323.87 | NOTE | |||
r-devel-linux-x86_64-fedora-gcc | 1.2.5 | 327.54 | NOTE | |||
r-devel-windows-x86_64 | 1.2.5 | 42.00 | 159.00 | 201.00 | OK | |
r-patched-linux-x86_64 | 1.2.5 | 44.38 | 205.84 | 250.22 | OK | |
r-release-linux-x86_64 | 1.2.5 | 34.41 | 199.43 | 233.84 | OK | |
r-release-macos-arm64 | 1.2.5 | 108.00 | OK | |||
r-release-macos-x86_64 | 1.2.5 | 152.00 | OK | |||
r-release-windows-x86_64 | 1.2.5 | 44.00 | 161.00 | 205.00 | OK | |
r-oldrel-macos-arm64 | 1.2.5 | 116.00 | OK | |||
r-oldrel-macos-x86_64 | 1.2.5 | 174.00 | OK | |||
r-oldrel-windows-x86_64 | 1.2.5 | 55.00 | 200.00 | 255.00 | OK |
Version: 1.2.5
Check: data for non-ASCII characters
Result: NOTE
Note: found 356712 marked UTF-8 strings
Flavors: r-devel-linux-x86_64-fedora-clang, r-devel-linux-x86_64-fedora-gcc