Last updated on 2025-07-13 04:48:49 CEST.
Flavor | Version | Tinstall | Tcheck | Ttotal | Status | Flags |
---|---|---|---|---|---|---|
r-devel-linux-x86_64-debian-clang | 0.3.4 | 18.07 | 86.40 | 104.47 | NOTE | |
r-devel-linux-x86_64-debian-gcc | 0.3.4 | 11.92 | 61.49 | 73.41 | NOTE | |
r-devel-linux-x86_64-fedora-clang | 0.3.4 | 173.95 | OK | |||
r-devel-linux-x86_64-fedora-gcc | 0.3.4 | 159.02 | OK | |||
r-devel-windows-x86_64 | 0.3.4 | 17.00 | 88.00 | 105.00 | OK | |
r-patched-linux-x86_64 | 0.3.4 | 15.36 | 80.51 | 95.87 | OK | |
r-release-linux-x86_64 | 0.3.4 | 16.54 | 80.94 | 97.48 | OK | |
r-release-macos-arm64 | 0.3.4 | 49.00 | OK | |||
r-release-macos-x86_64 | 0.3.4 | 80.00 | OK | |||
r-release-windows-x86_64 | 0.3.4 | 16.00 | 90.00 | 106.00 | OK | |
r-oldrel-macos-arm64 | 0.3.4 | 42.00 | OK | |||
r-oldrel-macos-x86_64 | 0.3.4 | 67.00 | OK | |||
r-oldrel-windows-x86_64 | 0.3.4 | 24.00 | 112.00 | 136.00 | OK |
Version: 0.3.4
Check: CRAN incoming feasibility
Result: NOTE
Maintainer: ‘Jean-Luc Lipatz <jllipatz@protonmail.com>’
No Authors@R field in DESCRIPTION.
Please add one, modifying
Authors@R: c(person(given = "Jean-Luc",
family = "Lipatz",
role = c("aut", "cre"),
email = "jllipatz@protonmail.com"),
person(given = "Bernard",
family = "Gestin",
role = "ctb"))
as necessary.
Flavors: r-devel-linux-x86_64-debian-clang, r-devel-linux-x86_64-debian-gcc