Last updated on 2025-07-12 22:49:12 CEST.
Flavor | Version | Tinstall | Tcheck | Ttotal | Status | Flags |
---|---|---|---|---|---|---|
r-devel-linux-x86_64-debian-clang | 0.1.8.10 | 37.74 | 132.23 | 169.97 | OK | |
r-devel-linux-x86_64-debian-gcc | 0.1.8.10 | 23.32 | 86.00 | 109.32 | OK | |
r-devel-linux-x86_64-fedora-clang | 0.1.8.10 | 244.70 | OK | |||
r-devel-linux-x86_64-fedora-gcc | 0.1.8.10 | 232.75 | OK | |||
r-devel-windows-x86_64 | 0.1.8.10 | 40.00 | 177.00 | 217.00 | OK | |
r-patched-linux-x86_64 | 0.1.8.10 | 36.76 | 118.56 | 155.32 | OK | |
r-release-linux-x86_64 | 0.1.8.10 | 31.29 | 117.73 | 149.02 | OK | |
r-release-macos-arm64 | 0.1.8.10 | 69.00 | OK | |||
r-release-macos-x86_64 | 0.1.8.10 | 121.00 | OK | |||
r-release-windows-x86_64 | 0.1.8.10 | 40.00 | 174.00 | 214.00 | OK | |
r-oldrel-macos-arm64 | 0.1.8.10 | 75.00 | NOTE | |||
r-oldrel-macos-x86_64 | 0.1.8.10 | 108.00 | NOTE | |||
r-oldrel-windows-x86_64 | 0.1.8.10 | 52.00 | 225.00 | 277.00 | OK |
Version: 0.1.8.10
Check: installed package size
Result: NOTE
installed size is 5.1Mb
sub-directories of 1Mb or more:
data 1.4Mb
libs 1.8Mb
shiny-server 1.0Mb
Flavors: r-oldrel-macos-arm64, r-oldrel-macos-x86_64