Last updated on 2025-07-12 22:49:12 CEST.
Flavor | Version | Tinstall | Tcheck | Ttotal | Status | Flags |
---|---|---|---|---|---|---|
r-devel-linux-x86_64-debian-clang | 1.6 | 13.30 | 102.06 | 115.36 | OK | |
r-devel-linux-x86_64-debian-gcc | 1.6 | 9.80 | 73.83 | 83.63 | OK | |
r-devel-linux-x86_64-fedora-clang | 1.6 | 196.04 | NOTE | |||
r-devel-linux-x86_64-fedora-gcc | 1.6 | 177.91 | NOTE | |||
r-devel-windows-x86_64 | 1.6 | 12.00 | 97.00 | 109.00 | OK | |
r-patched-linux-x86_64 | 1.6 | 11.31 | 95.37 | 106.68 | OK | |
r-release-linux-x86_64 | 1.6 | 12.47 | 94.92 | 107.39 | OK | |
r-release-macos-arm64 | 1.6 | 59.00 | OK | |||
r-release-macos-x86_64 | 1.6 | 129.00 | OK | |||
r-release-windows-x86_64 | 1.6 | 12.00 | 96.00 | 108.00 | OK | |
r-oldrel-macos-arm64 | 1.6 | 53.00 | OK | |||
r-oldrel-macos-x86_64 | 1.6 | 74.00 | OK | |||
r-oldrel-windows-x86_64 | 1.6 | 15.00 | 117.00 | 132.00 | OK |
Version: 1.6
Check: dependencies in R code
Result: NOTE
Namespace in Imports field not imported from: ‘svglite’
All declared Imports should be used.
Flavors: r-devel-linux-x86_64-fedora-clang, r-devel-linux-x86_64-fedora-gcc