CRAN Package Check Results for Package LCAextend

Last updated on 2025-07-13 04:48:51 CEST.

Flavor Version Tinstall Tcheck Ttotal Status Flags
r-devel-linux-x86_64-debian-clang 1.3 14.79 148.09 162.88 NOTE
r-devel-linux-x86_64-debian-gcc 1.3 9.83 99.83 109.66 NOTE
r-devel-linux-x86_64-fedora-clang 1.3 248.78 OK
r-devel-linux-x86_64-fedora-gcc 1.3 230.01 OK
r-devel-windows-x86_64 1.3 15.00 142.00 157.00 OK
r-patched-linux-x86_64 1.3 16.33 137.35 153.68 OK
r-release-linux-x86_64 1.3 14.25 136.45 150.70 OK
r-release-macos-arm64 1.3 62.00 OK
r-release-macos-x86_64 1.3 120.00 OK
r-release-windows-x86_64 1.3 14.00 152.00 166.00 OK
r-oldrel-macos-arm64 1.3 60.00 OK
r-oldrel-macos-x86_64 1.3 88.00 OK
r-oldrel-windows-x86_64 1.3 20.00 181.00 201.00 OK

Check Details

Version: 1.3
Check: CRAN incoming feasibility
Result: NOTE Maintainer: ‘Alexandre BUREAU <alexandre.bureau@msp.ulaval.ca>’ No Authors@R field in DESCRIPTION. Please add one, modifying Authors@R: c(person(given = "Arafat", family = "TAYEB", role = "aut", email = "arafat.tayeb@ircm.qc.ca"), person(given = "Alexandre", family = "BUREAU", role = c("aut", "cre"), email = "alexandre.bureau@msp.ulaval.ca"), person(given = "Aurelie", family = "Labbe", role = "aut", email = "aurelie.labbe@mcgill.ca")) as necessary. Flavors: r-devel-linux-x86_64-debian-clang, r-devel-linux-x86_64-debian-gcc