Last updated on 2025-07-13 04:48:51 CEST.
Flavor | Version | Tinstall | Tcheck | Ttotal | Status | Flags |
---|---|---|---|---|---|---|
r-devel-linux-x86_64-debian-clang | 0.2.1 | 351.84 | 432.29 | 784.13 | OK | |
r-devel-linux-x86_64-debian-gcc | 0.2.1 | 302.12 | 257.88 | 560.00 | OK | |
r-devel-linux-x86_64-fedora-clang | 0.2.1 | 1165.82 | NOTE | |||
r-devel-linux-x86_64-fedora-gcc | 0.2.1 | 1404.99 | NOTE | |||
r-devel-windows-x86_64 | 0.2.1 | 350.00 | 375.00 | 725.00 | OK | |
r-patched-linux-x86_64 | 0.2.1 | 404.69 | 436.28 | 840.97 | OK | |
r-release-linux-x86_64 | 0.2.1 | 372.83 | 439.29 | 812.12 | OK | |
r-release-macos-arm64 | 0.2.1 | 203.00 | OK | |||
r-release-macos-x86_64 | 0.2.1 | 517.00 | OK | |||
r-release-windows-x86_64 | 0.2.1 | 330.00 | 384.00 | 714.00 | OK | |
r-oldrel-macos-arm64 | 0.2.1 | 250.00 | NOTE | |||
r-oldrel-macos-x86_64 | 0.2.1 | 633.00 | NOTE | |||
r-oldrel-windows-x86_64 | 0.2.1 | 412.00 | 544.00 | 956.00 | NOTE |
Version: 0.2.1
Check: dependencies in R code
Result: NOTE
Namespaces in Imports field not imported from:
‘RcppParallel’ ‘rstantools’
All declared Imports should be used.
Flavors: r-devel-linux-x86_64-fedora-clang, r-devel-linux-x86_64-fedora-gcc
Version: 0.2.1
Check: installed package size
Result: NOTE
installed size is 99.6Mb
sub-directories of 1Mb or more:
libs 98.6Mb
Flavors: r-oldrel-macos-arm64, r-oldrel-macos-x86_64
Version: 0.2.1
Check: for GNU extensions in Makefiles
Result: NOTE
GNU make is a SystemRequirements.
Flavors: r-oldrel-macos-arm64, r-oldrel-macos-x86_64, r-oldrel-windows-x86_64