Last updated on 2024-06-13 06:58:07 CEST.
Flavor | Version | Tinstall | Tcheck | Ttotal | Status | Flags |
---|---|---|---|---|---|---|
r-devel-linux-x86_64-debian-clang | 2.1 | 9.85 | 85.15 | 95.00 | OK | |
r-devel-linux-x86_64-debian-gcc | 2.1 | 0.35 | 1.72 | 2.07 | ERROR | |
r-devel-linux-x86_64-fedora-clang | 2.1 | 117.72 | OK | |||
r-devel-linux-x86_64-fedora-gcc | 2.1 | 112.45 | OK | |||
r-devel-windows-x86_64 | 2.1 | 10.00 | 77.00 | 87.00 | OK | |
r-patched-linux-x86_64 | 2.1 | 9.13 | 83.02 | 92.15 | OK | |
r-release-linux-x86_64 | 2.1 | 10.20 | 81.04 | 91.24 | OK | |
r-release-macos-arm64 | 2.1 | 40.00 | OK | |||
r-release-macos-x86_64 | 2.1 | 52.00 | OK | |||
r-release-windows-x86_64 | 2.1 | 10.00 | 82.00 | 92.00 | OK | |
r-oldrel-macos-arm64 | 2.1 | 41.00 | OK | |||
r-oldrel-macos-x86_64 | 2.1 | 61.00 | OK | |||
r-oldrel-windows-x86_64 | 2.1 | 13.00 | 92.00 | 105.00 | OK |
Version: 2.1
Check: package dependencies
Result: ERROR
Packages required but not available: 'igraph', 'LPGraph'
See section ‘The DESCRIPTION file’ in the ‘Writing R Extensions’
manual.
Flavor: r-devel-linux-x86_64-debian-gcc