Last updated on 2024-06-19 20:58:32 CEST.
Flavor | Version | Tinstall | Tcheck | Ttotal | Status | Flags |
---|---|---|---|---|---|---|
r-devel-linux-x86_64-debian-clang | 1.2.1 | 3.46 | 38.38 | 41.84 | OK | |
r-devel-linux-x86_64-debian-gcc | 1.2.1 | 2.56 | 29.58 | 32.14 | OK | |
r-devel-linux-x86_64-fedora-clang | 1.2.1 | 53.44 | OK | |||
r-devel-linux-x86_64-fedora-gcc | 1.2.1 | 50.75 | OK | |||
r-devel-windows-x86_64 | 1.2.1 | 5.00 | 55.00 | 60.00 | OK | |
r-patched-linux-x86_64 | 1.2.1 | 11.33 | 38.01 | 49.34 | OK | |
r-release-linux-x86_64 | 1.2.1 | 2.63 | 37.22 | 39.85 | OK | |
r-release-macos-arm64 | 1.2.1 | 23.00 | OK | |||
r-release-macos-x86_64 | 1.2.1 | 31.00 | OK | |||
r-release-windows-x86_64 | 1.2.1 | 4.00 | 56.00 | 60.00 | OK | |
r-oldrel-macos-arm64 | 1.2.1 | 21.00 | OK | |||
r-oldrel-macos-x86_64 | 1.2.1 | 33.00 | NOTE | |||
r-oldrel-windows-x86_64 | 1.2.1 | 6.00 | 60.00 | 66.00 | OK |
Version: 1.2.1
Check: package dependencies
Result: NOTE
Package suggested but not available for checking: ‘LSDsensitivity’
Flavor: r-oldrel-macos-x86_64
Version: 1.2.1
Check: Rd cross-references
Result: NOTE
Package unavailable to check Rd xrefs: ‘LSDsensitivity’
Flavor: r-oldrel-macos-x86_64