Last updated on 2025-10-16 04:50:49 CEST.
Flavor | Version | Tinstall | Tcheck | Ttotal | Status | Flags |
---|---|---|---|---|---|---|
r-devel-linux-x86_64-debian-clang | 0.0.2 | 123.66 | 68.14 | 191.80 | OK | |
r-devel-linux-x86_64-debian-gcc | 0.0.2 | 99.35 | 51.61 | 150.96 | OK | |
r-devel-linux-x86_64-fedora-clang | 0.0.2 | 289.01 | OK | |||
r-devel-linux-x86_64-fedora-gcc | 0.0.2 | 379.96 | OK | |||
r-devel-windows-x86_64 | 0.0.2 | 121.00 | 104.00 | 225.00 | OK | |
r-patched-linux-x86_64 | 0.0.2 | 139.05 | 65.99 | 205.04 | OK | |
r-release-linux-x86_64 | 0.0.2 | 132.34 | 66.14 | 198.48 | OK | |
r-release-macos-arm64 | 0.0.2 | 119.00 | OK | |||
r-release-macos-x86_64 | 0.0.2 | 201.00 | OK | |||
r-release-windows-x86_64 | 0.0.2 | 118.00 | 102.00 | 220.00 | OK | |
r-oldrel-macos-arm64 | 0.0.2 | 103.00 | NOTE | |||
r-oldrel-macos-x86_64 | 0.0.2 | 208.00 | NOTE | |||
r-oldrel-windows-x86_64 | 0.0.2 | 142.00 | 134.00 | 276.00 | NOTE |
Version: 0.0.2
Check: installed package size
Result: NOTE
installed size is 65.4Mb
sub-directories of 1Mb or more:
libs 65.0Mb
Flavors: r-oldrel-macos-arm64, r-oldrel-macos-x86_64, r-oldrel-windows-x86_64