Last updated on 2025-07-13 04:48:52 CEST.
Flavor | Version | Tinstall | Tcheck | Ttotal | Status | Flags |
---|---|---|---|---|---|---|
r-devel-linux-x86_64-debian-clang | 1.1.0 | 91.18 | 326.97 | 418.15 | OK | |
r-devel-linux-x86_64-debian-gcc | 1.1.0 | 59.48 | 206.61 | 266.09 | OK | |
r-devel-linux-x86_64-fedora-clang | 1.1.0 | 717.03 | OK | |||
r-devel-linux-x86_64-fedora-gcc | 1.1.0 | 671.59 | OK | |||
r-devel-windows-x86_64 | 1.1.0 | 94.00 | 339.00 | 433.00 | OK | |
r-patched-linux-x86_64 | 1.1.0 | 94.48 | 307.39 | 401.87 | OK | |
r-release-linux-x86_64 | 1.1.0 | 82.09 | 299.82 | 381.91 | OK | |
r-release-macos-arm64 | 1.1.0 | 154.00 | OK | |||
r-release-macos-x86_64 | 1.1.0 | 326.00 | OK | |||
r-release-windows-x86_64 | 1.1.0 | 94.00 | 338.00 | 432.00 | OK | |
r-oldrel-macos-arm64 | 1.1.0 | 149.00 | NOTE | |||
r-oldrel-macos-x86_64 | 1.1.0 | 324.00 | NOTE | |||
r-oldrel-windows-x86_64 | 1.1.0 | 122.00 | 447.00 | 569.00 | NOTE |
Version: 1.1.0
Check: installed package size
Result: NOTE
installed size is 7.5Mb
sub-directories of 1Mb or more:
R 2.0Mb
help 1.1Mb
libs 2.5Mb
Flavors: r-oldrel-macos-arm64, r-oldrel-macos-x86_64, r-oldrel-windows-x86_64