Last updated on 2025-07-13 04:48:52 CEST.
Flavor | Version | Tinstall | Tcheck | Ttotal | Status | Flags |
---|---|---|---|---|---|---|
r-devel-linux-x86_64-debian-clang | 0.9.1 | 6.35 | 43.89 | 50.24 | OK | |
r-devel-linux-x86_64-debian-gcc | 0.9.1 | 5.76 | 36.92 | 42.68 | OK | |
r-devel-linux-x86_64-fedora-clang | 0.9.1 | 77.67 | OK | |||
r-devel-linux-x86_64-fedora-gcc | 0.9.1 | 92.39 | OK | |||
r-devel-windows-x86_64 | 0.9.1 | 15.00 | 79.00 | 94.00 | OK | |
r-patched-linux-x86_64 | 0.9.1 | 6.82 | 42.24 | 49.06 | OK | |
r-release-linux-x86_64 | 0.9.1 | 6.71 | 41.79 | 48.50 | OK | |
r-release-macos-arm64 | 0.9.1 | 59.00 | OK | |||
r-release-macos-x86_64 | 0.9.1 | 88.00 | OK | |||
r-release-windows-x86_64 | 0.9.1 | 15.00 | 79.00 | 94.00 | OK | |
r-oldrel-macos-arm64 | 0.9.1 | 64.00 | OK | |||
r-oldrel-macos-x86_64 | 0.9.1 | 91.00 | OK | |||
r-oldrel-windows-x86_64 | 0.9.1 | 14.00 | 98.00 | 112.00 | WARN |
Version: 0.9.1
Check: whether package can be installed
Result: WARN
Found the following significant warnings:
mod.c:133:6: warning: function declaration isn't a prototype [-Wstrict-prototypes]
See 'd:/Rcompile/CRANpkg/local/4.4/MCSimMod.Rcheck/00install.out' for details.
* used C compiler: 'gcc.exe (GCC) 13.3.0'
Flavor: r-oldrel-windows-x86_64