CRAN Package Check Results for Package MIXFIM

Last updated on 2025-07-13 04:48:53 CEST.

Flavor Version Tinstall Tcheck Ttotal Status Flags
r-devel-linux-x86_64-debian-clang 1.1 19.42 100.82 120.24 NOTE
r-devel-linux-x86_64-debian-gcc 1.1 15.91 74.98 90.89 NOTE
r-devel-linux-x86_64-fedora-clang 1.1 185.91 OK
r-devel-linux-x86_64-fedora-gcc 1.1 184.09 OK
r-devel-windows-x86_64 1.1 15.00 93.00 108.00 OK
r-patched-linux-x86_64 1.1 18.56 98.16 116.72 OK
r-release-linux-x86_64 1.1 19.96 97.27 117.23 OK
r-release-macos-arm64 1.1 43.00 OK
r-release-macos-x86_64 1.1 80.00 OK
r-release-windows-x86_64 1.1 13.00 98.00 111.00 OK
r-oldrel-macos-arm64 1.1 44.00 OK
r-oldrel-macos-x86_64 1.1 64.00 OK
r-oldrel-windows-x86_64 1.1 19.00 119.00 138.00 OK

Check Details

Version: 1.1
Check: CRAN incoming feasibility
Result: NOTE Maintainer: ‘Marie-Karelle Riviere-Jourdan <eldamjh@gmail.com>’ No Authors@R field in DESCRIPTION. Please add one, modifying Authors@R: c(person(given = "Marie-Karelle", family = "Riviere-Jourdan", role = c("aut", "cre"), email = "eldamjh@gmail.com"), person(given = "France", family = "Mentre", role = "aut", email = "france.mentre@inserm.fr")) as necessary. Flavors: r-devel-linux-x86_64-debian-clang, r-devel-linux-x86_64-debian-gcc