Last updated on 2024-06-19 20:58:33 CEST.
Flavor | Version | Tinstall | Tcheck | Ttotal | Status | Flags |
---|---|---|---|---|---|---|
r-devel-linux-x86_64-debian-clang | 1.0.1 | 3.01 | 49.69 | 52.70 | OK | |
r-devel-linux-x86_64-debian-gcc | 1.0.1 | 2.27 | 38.10 | 40.37 | OK | |
r-devel-linux-x86_64-fedora-clang | 1.0.1 | 67.49 | NOTE | |||
r-devel-linux-x86_64-fedora-gcc | 1.0.1 | 74.41 | NOTE | |||
r-devel-windows-x86_64 | 1.0.1 | 5.00 | 71.00 | 76.00 | OK | |
r-patched-linux-x86_64 | 1.0.1 | 2.48 | 48.17 | 50.65 | OK | |
r-release-linux-x86_64 | 1.0.1 | 2.50 | 47.75 | 50.25 | OK | |
r-release-macos-arm64 | 1.0.1 | 29.00 | OK | |||
r-release-macos-x86_64 | 1.0.1 | 43.00 | OK | |||
r-release-windows-x86_64 | 1.0.1 | 5.00 | 62.00 | 67.00 | OK | |
r-oldrel-macos-arm64 | 1.0.1 | 32.00 | OK | |||
r-oldrel-macos-x86_64 | 1.0.1 | 46.00 | OK | |||
r-oldrel-windows-x86_64 | 1.0.1 | 6.00 | 66.00 | 72.00 | OK |
Version: 1.0.1
Check: dependencies in R code
Result: NOTE
Namespaces in Imports field not imported from:
‘ConfusionTableR’ ‘OddsPlotty’ ‘caret’ ‘dplyr’ ‘ggplot2’ ‘parsnip’
‘ranger’ ‘recipes’ ‘rsample’ ‘varhandle’ ‘workflows’
All declared Imports should be used.
Flavors: r-devel-linux-x86_64-fedora-clang, r-devel-linux-x86_64-fedora-gcc